{"id":166,"date":"2026-05-15T18:51:52","date_gmt":"2026-05-15T16:51:52","guid":{"rendered":"https:\/\/urotherapie.de\/uro\/?page_id=166"},"modified":"2026-05-15T18:51:52","modified_gmt":"2026-05-15T16:51:52","slug":"kurse","status":"publish","type":"page","link":"https:\/\/urotherapie.de\/uro\/kurse\/","title":{"rendered":"Kurse"},"content":{"rendered":"<p><strong>English for Nurses \u2013 Englischkurs f\u00fcr Mitglieder<\/strong><\/p>\n<p>Wir bieten unseren Mitgliedern die M\u00f6glichkeit, an einem Englischkurs \u201eEnglish for Nurses\u201c teilzunehmen. Der Kurs richtet sich an alle, die ihre englischen Sprachkenntnisse f\u00fcr Pflege, Urotherapie, Beratung, Fachliteratur oder internationale Kongresse verbessern m\u00f6chten.<\/p>\n<p>F\u00fcr Mitglieder bieten wir Kostenerstattung durch den Verein nach Pr\u00fcfung\/Kosten der Ma\u00dfnahme an. Bei Interesse sprecht uns gerne an.<\/p>\n","protected":false},"excerpt":{"rendered":"<p>English for Nurses \u2013 Englischkurs f\u00fcr Mitglieder Wir bieten unseren Mitgliedern die M\u00f6glichkeit, an einem Englischkurs \u201eEnglish for Nurses\u201c teilzunehmen. Der Kurs richtet sich an alle, die ihre englischen Sprachkenntnisse f\u00fcr Pflege, Urotherapie, Beratung, Fachliteratur oder internationale Kongresse verbessern m\u00f6chten. F\u00fcr Mitglieder bieten wir Kostenerstattung durch den Verein nach Pr\u00fcfung\/Kosten der Ma\u00dfnahme an. Bei Interesse [&hellip;]<\/p>\n","protected":false},"author":33,"featured_media":0,"parent":0,"menu_order":6,"comment_status":"closed","ping_status":"closed","template":"","meta":{"footnotes":""},"class_list":["post-166","page","type-page","status-publish","hentry"],"_links":{"self":[{"href":"https:\/\/urotherapie.de\/uro\/wp-json\/wp\/v2\/pages\/166","targetHints":{"allow":["GET"]}}],"collection":[{"href":"https:\/\/urotherapie.de\/uro\/wp-json\/wp\/v2\/pages"}],"about":[{"href":"https:\/\/urotherapie.de\/uro\/wp-json\/wp\/v2\/types\/page"}],"author":[{"embeddable":true,"href":"https:\/\/urotherapie.de\/uro\/wp-json\/wp\/v2\/users\/33"}],"replies":[{"embeddable":true,"href":"https:\/\/urotherapie.de\/uro\/wp-json\/wp\/v2\/comments?post=166"}],"version-history":[{"count":1,"href":"https:\/\/urotherapie.de\/uro\/wp-json\/wp\/v2\/pages\/166\/revisions"}],"predecessor-version":[{"id":167,"href":"https:\/\/urotherapie.de\/uro\/wp-json\/wp\/v2\/pages\/166\/revisions\/167"}],"wp:attachment":[{"href":"https:\/\/urotherapie.de\/uro\/wp-json\/wp\/v2\/media?parent=166"}],"curies":[{"name":"wp","href":"https:\/\/api.w.org\/{rel}","templated":true}]}}